{"id":622,"date":"2024-02-06T10:07:47","date_gmt":"2024-02-06T08:07:47","guid":{"rendered":"https:\/\/ffa-vfb.ch\/ausbildung\/"},"modified":"2024-05-31T20:32:13","modified_gmt":"2024-05-31T18:32:13","slug":"ausbildung","status":"publish","type":"page","link":"https:\/\/www.ffa-vfb.ch\/de\/ausbildung\/","title":{"rendered":"Ausbildung"},"content":{"rendered":"\t\t<div data-elementor-type=\"wp-page\" data-elementor-id=\"622\" class=\"elementor elementor-622 elementor-34\" data-elementor-post-type=\"page\">\n\t\t\t\t<div class=\"elementor-element elementor-element-cbed8e4 e-flex e-con-boxed e-con e-parent\" data-id=\"cbed8e4\" data-element_type=\"container\" data-e-type=\"container\" data-settings=\"{&quot;jet_parallax_layout_list&quot;:[]}\">\n\t\t\t\t\t<div class=\"e-con-inner\">\n\t\t\t\t<div class=\"elementor-element elementor-element-2b98e2c elementor-widget elementor-widget-heading\" data-id=\"2b98e2c\" data-element_type=\"widget\" data-e-type=\"widget\" data-widget_type=\"heading.default\">\n\t\t\t\t<div class=\"elementor-widget-container\">\n\t\t\t\t\t<h2 class=\"elementor-heading-title elementor-size-default\">Grundkurse, Weiterbildung, Fachausweis...<\/h2>\t\t\t\t<\/div>\n\t\t\t\t<\/div>\n\t\t\t\t<div class=\"elementor-element elementor-element-5c82757 elementor-widget elementor-widget-text-editor\" data-id=\"5c82757\" data-element_type=\"widget\" data-e-type=\"widget\" data-widget_type=\"text-editor.default\">\n\t\t\t\t<div class=\"elementor-widget-container\">\n\t\t\t\t\t\t\t\t\t<p>Die Bienenzucht in der Schweiz wird mehrheitlich als Hobby betrieben. Aber es ist keine Leidenschaft wie jede andere. Sie erfordert eine solide Grundausbildung, die im Kanton Freiburg von kompetenten und motivierten Bienenberatern und Kursleitern erteilt wird.<\/p><p>Die Imkervereine bieten dann das ganze Jahr \u00fcber Aktivit\u00e4ten an, um ihren Mitgliedern eine qualitativ hochwertige Weiterbildung zu erm\u00f6glichen und einen reichen Austausch zwischen Enthusiasten und Fachleuten zu erm\u00f6glichen.<\/p>\t\t\t\t\t\t\t\t<\/div>\n\t\t\t\t<\/div>\n\t\t\t\t\t<\/div>\n\t\t\t\t<\/div>\n\t\t<div class=\"elementor-element elementor-element-9bdf8dd e-flex e-con-boxed e-con e-parent\" data-id=\"9bdf8dd\" data-element_type=\"container\" data-e-type=\"container\" data-settings=\"{&quot;background_background&quot;:&quot;classic&quot;,&quot;jet_parallax_layout_list&quot;:[]}\">\n\t\t\t\t\t<div class=\"e-con-inner\">\n\t\t<div class=\"elementor-element elementor-element-9db7a8b e-con-full e-flex e-con e-child\" data-id=\"9db7a8b\" data-element_type=\"container\" data-e-type=\"container\" data-settings=\"{&quot;jet_parallax_layout_list&quot;:[]}\">\n\t\t\t\t<div class=\"elementor-element elementor-element-2f012b0 elementor-widget elementor-widget-heading\" data-id=\"2f012b0\" data-element_type=\"widget\" data-e-type=\"widget\" data-widget_type=\"heading.default\">\n\t\t\t\t<div class=\"elementor-widget-container\">\n\t\t\t\t\t<h3 class=\"elementor-heading-title elementor-size-default\"><a href=\"https:\/\/www.ffa-vfb.ch\/de\/ausbildung\/kurs-fuer-anfaenger\/\">Grundkurse f\u00fcr Neuimker<\/a><\/h3>\t\t\t\t<\/div>\n\t\t\t\t<\/div>\n\t\t\t\t<\/div>\n\t\t<div class=\"elementor-element elementor-element-61c85ec e-con-full e-flex e-con e-child\" data-id=\"61c85ec\" data-element_type=\"container\" data-e-type=\"container\" data-settings=\"{&quot;background_background&quot;:&quot;classic&quot;,&quot;jet_parallax_layout_list&quot;:[]}\">\n\t\t\t\t<\/div>\n\t\t<div class=\"elementor-element elementor-element-0cba5fe e-con-full e-flex e-con e-child\" data-id=\"0cba5fe\" data-element_type=\"container\" data-e-type=\"container\" data-settings=\"{&quot;jet_parallax_layout_list&quot;:[]}\">\n\t\t\t\t<div class=\"elementor-element elementor-element-affebe4 elementor-widget elementor-widget-heading\" data-id=\"affebe4\" data-element_type=\"widget\" data-e-type=\"widget\" data-widget_type=\"heading.default\">\n\t\t\t\t<div class=\"elementor-widget-container\">\n\t\t\t\t\t<h3 class=\"elementor-heading-title elementor-size-default\"><a href=\"https:\/\/bienen.ch\/imkerei\/bildungskonzept\/\" target=\"_blank\" rel=\"noopener\">Kaderkurse f\u00fcr Imker<\/a><\/h3>\t\t\t\t<\/div>\n\t\t\t\t<\/div>\n\t\t\t\t<\/div>\n\t\t<div class=\"elementor-element elementor-element-40b1765 e-con-full e-flex e-con e-child\" data-id=\"40b1765\" data-element_type=\"container\" data-e-type=\"container\" data-settings=\"{&quot;background_background&quot;:&quot;classic&quot;,&quot;jet_parallax_layout_list&quot;:[]}\">\n\t\t\t\t<\/div>\n\t\t<div class=\"elementor-element elementor-element-a784ebb e-con-full e-flex e-con e-child\" data-id=\"a784ebb\" data-element_type=\"container\" data-e-type=\"container\" data-settings=\"{&quot;jet_parallax_layout_list&quot;:[]}\">\n\t\t\t\t<div class=\"elementor-element elementor-element-79d2911 elementor-widget elementor-widget-heading\" data-id=\"79d2911\" data-element_type=\"widget\" data-e-type=\"widget\" data-widget_type=\"heading.default\">\n\t\t\t\t<div class=\"elementor-widget-container\">\n\t\t\t\t\t<h3 class=\"elementor-heading-title elementor-size-default\"><a href=\"https:\/\/bienen.ch\/imkerei\/bildungskonzept\/imker-in-mit-eidg-fachausweis\/\" target=\"_blank\" rel=\"noopener\">Imker\/in mit eidgen\u00f6ssischem Fachausweis<\/a><\/h3>\t\t\t\t<\/div>\n\t\t\t\t<\/div>\n\t\t\t\t<\/div>\n\t\t\t\t\t<\/div>\n\t\t\t\t<\/div>\n\t\t<div class=\"elementor-element elementor-element-335c1cf e-flex e-con-boxed e-con e-parent\" data-id=\"335c1cf\" data-element_type=\"container\" data-e-type=\"container\" data-settings=\"{&quot;jet_parallax_layout_list&quot;:[]}\">\n\t\t\t\t\t<div class=\"e-con-inner\">\n\t\t<div class=\"elementor-element elementor-element-b655158 e-con-full e-flex e-con e-child\" data-id=\"b655158\" data-element_type=\"container\" data-e-type=\"container\" data-settings=\"{&quot;jet_parallax_layout_list&quot;:[]}\">\n\t\t\t\t<div class=\"elementor-element elementor-element-456b753 elementor-widget elementor-widget-heading\" data-id=\"456b753\" data-element_type=\"widget\" data-e-type=\"widget\" data-widget_type=\"heading.default\">\n\t\t\t\t<div class=\"elementor-widget-container\">\n\t\t\t\t\t<h2 class=\"elementor-heading-title elementor-size-default\">Der Schulbienenstand in Grangeneuve<\/h2>\t\t\t\t<\/div>\n\t\t\t\t<\/div>\n\t\t\t\t<div class=\"elementor-element elementor-element-d17af9d elementor-widget elementor-widget-text-editor\" data-id=\"d17af9d\" data-element_type=\"widget\" data-e-type=\"widget\" data-widget_type=\"text-editor.default\">\n\t\t\t\t<div class=\"elementor-widget-container\">\n\t\t\t\t\t\t\t\t\t<p>Die Aktivit\u00e4ten und Ziele des Lehrbienenstandes sind die folgenden:<\/p>\n<ul>\n<li>die wunderbare Welt der Bienen entdecken lassen<\/li>\n<li>die Welt der Bienen in perfekter Harmonie mit der Natur wahrnehmen und verstehen<\/li>\n<li>Grundausbildung und Weiterbildung von Imkern\/Imkerinnen<\/li>\n<li>Schulen und Bienenzuchtvereinen f\u00fcr Besuche, Vorf\u00fchrungen oder die Entdeckung des Bienenstocks und seiner Kolonien zur Verf\u00fcgung stehen<\/li>\n<li>als Werkzeug f\u00fcr eine moderne und rationelle Bienenzucht dienen<\/li>\n<li>Honigproduktion zur Versorgung von Le Magasin<\/li>\n<li>Aufzucht und Vermehrung von Kolonien<\/li>\n<\/ul>\n\t\t\t\t\t\t\t\t<\/div>\n\t\t\t\t<\/div>\n\t\t\t\t<div class=\"elementor-element elementor-element-b732304 elementor-align-center elementor-widget elementor-widget-button\" data-id=\"b732304\" data-element_type=\"widget\" data-e-type=\"widget\" data-widget_type=\"button.default\">\n\t\t\t\t<div class=\"elementor-widget-container\">\n\t\t\t\t\t\t\t\t\t<div class=\"elementor-button-wrapper\">\n\t\t\t\t\t<a class=\"elementor-button elementor-button-link elementor-size-sm\" href=\"https:\/\/www.fr.ch\/grangeneuve\/les-exploitations-ecoles\/rucher-ecole\" target=\"_blank\" rel=\"noopener\">\n\t\t\t\t\t\t<span class=\"elementor-button-content-wrapper\">\n\t\t\t\t\t\t\t\t\t<span class=\"elementor-button-text\">mehr erfahren<\/span>\n\t\t\t\t\t<\/span>\n\t\t\t\t\t<\/a>\n\t\t\t\t<\/div>\n\t\t\t\t\t\t\t\t<\/div>\n\t\t\t\t<\/div>\n\t\t\t\t<\/div>\n\t\t<div class=\"elementor-element elementor-element-6c9e4bd e-con-full e-flex e-con e-child\" data-id=\"6c9e4bd\" data-element_type=\"container\" data-e-type=\"container\" data-settings=\"{&quot;jet_parallax_layout_list&quot;:[]}\">\n\t\t\t\t<div class=\"elementor-element elementor-element-08646f9 elementor-widget elementor-widget-image\" data-id=\"08646f9\" data-element_type=\"widget\" data-e-type=\"widget\" data-widget_type=\"image.default\">\n\t\t\t\t<div class=\"elementor-widget-container\">\n\t\t\t\t\t\t\t\t\t\t\t\t\t\t\t<img loading=\"lazy\" decoding=\"async\" width=\"800\" height=\"656\" src=\"https:\/\/www.ffa-vfb.ch\/wp-content\/uploads\/2024\/02\/Rucher-Ecole-Grangeneuve.webp\" class=\"attachment-large size-large wp-image-625\" alt=\"\" srcset=\"https:\/\/www.ffa-vfb.ch\/wp-content\/uploads\/2024\/02\/Rucher-Ecole-Grangeneuve.webp 803w, https:\/\/www.ffa-vfb.ch\/wp-content\/uploads\/2024\/02\/Rucher-Ecole-Grangeneuve-300x246.webp 300w, https:\/\/www.ffa-vfb.ch\/wp-content\/uploads\/2024\/02\/Rucher-Ecole-Grangeneuve-768x629.webp 768w\" sizes=\"auto, (max-width: 800px) 100vw, 800px\" \/>\t\t\t\t\t\t\t\t\t\t\t\t\t\t\t<\/div>\n\t\t\t\t<\/div>\n\t\t\t\t<\/div>\n\t\t\t\t\t<\/div>\n\t\t\t\t<\/div>\n\t\t\t\t<\/div>\n\t\t","protected":false},"excerpt":{"rendered":"<p>Grundkurse, Weiterbildung, Fachausweis&#8230; Die Bienenzucht in der Schweiz wird mehrheitlich als Hobby betrieben. Aber es ist keine Leidenschaft wie jede andere. Sie erfordert eine solide Grundausbildung, die im Kanton Freiburg von kompetenten und motivierten Bienenberatern und Kursleitern erteilt wird. Die Imkervereine bieten dann das ganze Jahr \u00fcber Aktivit\u00e4ten an, um ihren Mitgliedern eine qualitativ hochwertige [&hellip;]<\/p>\n","protected":false},"author":1,"featured_media":624,"parent":0,"menu_order":0,"comment_status":"closed","ping_status":"closed","template":"","meta":{"footnotes":""},"class_list":["post-622","page","type-page","status-publish","has-post-thumbnail","hentry"],"_links":{"self":[{"href":"https:\/\/www.ffa-vfb.ch\/de\/wp-json\/wp\/v2\/pages\/622","targetHints":{"allow":["GET"]}}],"collection":[{"href":"https:\/\/www.ffa-vfb.ch\/de\/wp-json\/wp\/v2\/pages"}],"about":[{"href":"https:\/\/www.ffa-vfb.ch\/de\/wp-json\/wp\/v2\/types\/page"}],"author":[{"embeddable":true,"href":"https:\/\/www.ffa-vfb.ch\/de\/wp-json\/wp\/v2\/users\/1"}],"replies":[{"embeddable":true,"href":"https:\/\/www.ffa-vfb.ch\/de\/wp-json\/wp\/v2\/comments?post=622"}],"version-history":[{"count":0,"href":"https:\/\/www.ffa-vfb.ch\/de\/wp-json\/wp\/v2\/pages\/622\/revisions"}],"wp:featuredmedia":[{"embeddable":true,"href":"https:\/\/www.ffa-vfb.ch\/de\/wp-json\/wp\/v2\/media\/624"}],"wp:attachment":[{"href":"https:\/\/www.ffa-vfb.ch\/de\/wp-json\/wp\/v2\/media?parent=622"}],"curies":[{"name":"wp","href":"https:\/\/api.w.org\/{rel}","templated":true}]}}

<div data-elementor-type="wp-page" data-elementor-id="622" class="elementor elementor-622 elementor-34" data-elementor-post-type="page">
				<div class="elementor-element elementor-element-cbed8e4 e-flex e-con-boxed e-con e-parent" data-id="cbed8e4" data-element_type="container" data-e-type="container" data-settings="{&quot;jet_parallax_layout_list&quot;:[]}">
					<div class="e-con-inner">
				<div class="elementor-element elementor-element-2b98e2c elementor-widget elementor-widget-heading" data-id="2b98e2c" data-element_type="widget" data-e-type="widget" data-widget_type="heading.default">
				<div class="elementor-widget-container">
					<h2 class="elementor-heading-title elementor-size-default">Grundkurse, Weiterbildung, Fachausweis...</h2>				</div>
				</div>
				<div class="elementor-element elementor-element-5c82757 elementor-widget elementor-widget-text-editor" data-id="5c82757" data-element_type="widget" data-e-type="widget" data-widget_type="text-editor.default">
				<div class="elementor-widget-container">
									<p>Die Bienenzucht in der Schweiz wird mehrheitlich als Hobby betrieben. Aber es ist keine Leidenschaft wie jede andere. Sie erfordert eine solide Grundausbildung, die im Kanton Freiburg von kompetenten und motivierten Bienenberatern und Kursleitern erteilt wird.</p><p>Die Imkervereine bieten dann das ganze Jahr über Aktivitäten an, um ihren Mitgliedern eine qualitativ hochwertige Weiterbildung zu ermöglichen und einen reichen Austausch zwischen Enthusiasten und Fachleuten zu ermöglichen.</p>								</div>
				</div>
					</div>
				</div>
		<div class="elementor-element elementor-element-9bdf8dd e-flex e-con-boxed e-con e-parent" data-id="9bdf8dd" data-element_type="container" data-e-type="container" data-settings="{&quot;background_background&quot;:&quot;classic&quot;,&quot;jet_parallax_layout_list&quot;:[]}">
					<div class="e-con-inner">
		<div class="elementor-element elementor-element-9db7a8b e-con-full e-flex e-con e-child" data-id="9db7a8b" data-element_type="container" data-e-type="container" data-settings="{&quot;jet_parallax_layout_list&quot;:[]}">
				<div class="elementor-element elementor-element-2f012b0 elementor-widget elementor-widget-heading" data-id="2f012b0" data-element_type="widget" data-e-type="widget" data-widget_type="heading.default">
				<div class="elementor-widget-container">
					<h3 class="elementor-heading-title elementor-size-default"><a href="https://www.ffa-vfb.ch/de/ausbildung/kurs-fuer-anfaenger/">Grundkurse für Neuimker</a></h3>				</div>
				</div>
				</div>
		<div class="elementor-element elementor-element-61c85ec e-con-full e-flex e-con e-child" data-id="61c85ec" data-element_type="container" data-e-type="container" data-settings="{&quot;background_background&quot;:&quot;classic&quot;,&quot;jet_parallax_layout_list&quot;:[]}">
				</div>
		<div class="elementor-element elementor-element-0cba5fe e-con-full e-flex e-con e-child" data-id="0cba5fe" data-element_type="container" data-e-type="container" data-settings="{&quot;jet_parallax_layout_list&quot;:[]}">
				<div class="elementor-element elementor-element-affebe4 elementor-widget elementor-widget-heading" data-id="affebe4" data-element_type="widget" data-e-type="widget" data-widget_type="heading.default">
				<div class="elementor-widget-container">
					<h3 class="elementor-heading-title elementor-size-default"><a href="https://bienen.ch/imkerei/bildungskonzept/" target="_blank" rel="noopener">Kaderkurse für Imker</a></h3>				</div>
				</div>
				</div>
		<div class="elementor-element elementor-element-40b1765 e-con-full e-flex e-con e-child" data-id="40b1765" data-element_type="container" data-e-type="container" data-settings="{&quot;background_background&quot;:&quot;classic&quot;,&quot;jet_parallax_layout_list&quot;:[]}">
				</div>
		<div class="elementor-element elementor-element-a784ebb e-con-full e-flex e-con e-child" data-id="a784ebb" data-element_type="container" data-e-type="container" data-settings="{&quot;jet_parallax_layout_list&quot;:[]}">
				<div class="elementor-element elementor-element-79d2911 elementor-widget elementor-widget-heading" data-id="79d2911" data-element_type="widget" data-e-type="widget" data-widget_type="heading.default">
				<div class="elementor-widget-container">
					<h3 class="elementor-heading-title elementor-size-default"><a href="https://bienen.ch/imkerei/bildungskonzept/imker-in-mit-eidg-fachausweis/" target="_blank" rel="noopener">Imker/in mit eidgenössischem Fachausweis</a></h3>				</div>
				</div>
				</div>
					</div>
				</div>
		<div class="elementor-element elementor-element-335c1cf e-flex e-con-boxed e-con e-parent" data-id="335c1cf" data-element_type="container" data-e-type="container" data-settings="{&quot;jet_parallax_layout_list&quot;:[]}">
					<div class="e-con-inner">
		<div class="elementor-element elementor-element-b655158 e-con-full e-flex e-con e-child" data-id="b655158" data-element_type="container" data-e-type="container" data-settings="{&quot;jet_parallax_layout_list&quot;:[]}">
				<div class="elementor-element elementor-element-456b753 elementor-widget elementor-widget-heading" data-id="456b753" data-element_type="widget" data-e-type="widget" data-widget_type="heading.default">
				<div class="elementor-widget-container">
					<h2 class="elementor-heading-title elementor-size-default">Der Schulbienenstand in Grangeneuve</h2>				</div>
				</div>
				<div class="elementor-element elementor-element-d17af9d elementor-widget elementor-widget-text-editor" data-id="d17af9d" data-element_type="widget" data-e-type="widget" data-widget_type="text-editor.default">
				<div class="elementor-widget-container">
									<p>Die Aktivitäten und Ziele des Lehrbienenstandes sind die folgenden:</p>
<ul>
<li>die wunderbare Welt der Bienen entdecken lassen</li>
<li>die Welt der Bienen in perfekter Harmonie mit der Natur wahrnehmen und verstehen</li>
<li>Grundausbildung und Weiterbildung von Imkern/Imkerinnen</li>
<li>Schulen und Bienenzuchtvereinen für Besuche, Vorführungen oder die Entdeckung des Bienenstocks und seiner Kolonien zur Verfügung stehen</li>
<li>als Werkzeug für eine moderne und rationelle Bienenzucht dienen</li>
<li>Honigproduktion zur Versorgung von Le Magasin</li>
<li>Aufzucht und Vermehrung von Kolonien</li>
</ul>
								</div>
				</div>
				<div class="elementor-element elementor-element-b732304 elementor-align-center elementor-widget elementor-widget-button" data-id="b732304" data-element_type="widget" data-e-type="widget" data-widget_type="button.default">
				<div class="elementor-widget-container">
									<div class="elementor-button-wrapper">
					<a class="elementor-button elementor-button-link elementor-size-sm" href="https://www.fr.ch/grangeneuve/les-exploitations-ecoles/rucher-ecole" target="_blank" rel="noopener">
						<span class="elementor-button-content-wrapper">
									<span class="elementor-button-text">mehr erfahren</span>
					</span>
					</a>
				</div>
								</div>
				</div>
				</div>
		<div class="elementor-element elementor-element-6c9e4bd e-con-full e-flex e-con e-child" data-id="6c9e4bd" data-element_type="container" data-e-type="container" data-settings="{&quot;jet_parallax_layout_list&quot;:[]}">
				<div class="elementor-element elementor-element-08646f9 elementor-widget elementor-widget-image" data-id="08646f9" data-element_type="widget" data-e-type="widget" data-widget_type="image.default">
				<div class="elementor-widget-container">
															<img loading="lazy" decoding="async" width="800" height="656" src="https://www.ffa-vfb.ch/wp-content/uploads/2024/02/Rucher-Ecole-Grangeneuve.webp" class="attachment-large size-large wp-image-625" alt="" srcset="https://www.ffa-vfb.ch/wp-content/uploads/2024/02/Rucher-Ecole-Grangeneuve.webp 803w, https://www.ffa-vfb.ch/wp-content/uploads/2024/02/Rucher-Ecole-Grangeneuve-300x246.webp 300w, https://www.ffa-vfb.ch/wp-content/uploads/2024/02/Rucher-Ecole-Grangeneuve-768x629.webp 768w" sizes="auto, (max-width: 800px) 100vw, 800px" />															</div>
				</div>
				</div>
					</div>
				</div>
				</div>

<p>Grundkurse, Weiterbildung, Fachausweis&#8230; Die Bienenzucht in der Schweiz wird mehrheitlich als Hobby betrieben. Aber es ist keine Leidenschaft wie jede andere. Sie erfordert eine solide Grundausbildung, die im Kanton Freiburg von kompetenten und motivierten Bienenberatern und Kursleitern erteilt wird. Die Imkervereine bieten dann das ganze Jahr über Aktivitäten an, um ihren Mitgliedern eine qualitativ hochwertige [&hellip;]</p>
